{"id":2,"date":"2020-03-04T13:45:18","date_gmt":"2020-03-04T12:45:18","guid":{"rendered":"https:\/\/amicalecyclosaintmalo.fr\/?page_id=2"},"modified":"2021-10-01T10:39:24","modified_gmt":"2021-10-01T08:39:24","slug":"page-d-exemple","status":"publish","type":"page","link":"https:\/\/amicalecyclosaintmalo.fr\/","title":{"rendered":"Accueil"},"content":{"rendered":"\t\t<div data-elementor-type=\"wp-page\" data-elementor-id=\"2\" class=\"elementor elementor-2\">\n\t\t\t\t\t\t\t\t\t<section class=\"elementor-section elementor-top-section elementor-element elementor-element-58314dc elementor-section-boxed elementor-section-height-default elementor-section-height-default\" data-id=\"58314dc\" data-element_type=\"section\">\n\t\t\t\t\t\t<div class=\"elementor-container elementor-column-gap-default\">\n\t\t\t\t\t<div class=\"elementor-column elementor-col-100 elementor-top-column elementor-element elementor-element-fa86e06\" data-id=\"fa86e06\" data-element_type=\"column\">\n\t\t\t<div class=\"elementor-widget-wrap elementor-element-populated\">\n\t\t\t\t\t\t\t\t<div class=\"elementor-element elementor-element-88ab2cd elementor-widget elementor-widget-text-editor\" data-id=\"88ab2cd\" data-element_type=\"widget\" data-widget_type=\"text-editor.default\">\n\t\t\t\t<div class=\"elementor-widget-container\">\n\t\t\t\t\t\t\t<p>Bienvenue sur le site de l&#8217;Amicale Cyclotouriste de Saint-Malo\u00a0<\/p><p>&#8220;La m\u00eame passion du v\u00e9lo,<br \/>le plaisir de rouler ensemble &#8220;<\/p>\t\t\t\t\t\t<\/div>\n\t\t\t\t<\/div>\n\t\t\t\t\t<\/div>\n\t\t<\/div>\n\t\t\t\t\t\t\t<\/div>\n\t\t<\/section>\n\t\t\t\t<section class=\"elementor-section elementor-top-section elementor-element elementor-element-56cfb23 elementor-section-boxed elementor-section-height-default elementor-section-height-default\" data-id=\"56cfb23\" data-element_type=\"section\">\n\t\t\t\t\t\t<div class=\"elementor-container elementor-column-gap-default\">\n\t\t\t\t\t<div class=\"elementor-column elementor-col-100 elementor-top-column elementor-element elementor-element-17a7cbb\" data-id=\"17a7cbb\" data-element_type=\"column\">\n\t\t\t<div class=\"elementor-widget-wrap elementor-element-populated\">\n\t\t\t\t\t\t\t\t<div class=\"elementor-element elementor-element-ee6d935 elementor-arrows-position-inside elementor-pagination-position-outside elementor-widget elementor-widget-image-carousel\" data-id=\"ee6d935\" data-element_type=\"widget\" data-settings=\"{&quot;navigation&quot;:&quot;both&quot;,&quot;autoplay&quot;:&quot;yes&quot;,&quot;pause_on_hover&quot;:&quot;yes&quot;,&quot;pause_on_interaction&quot;:&quot;yes&quot;,&quot;autoplay_speed&quot;:5000,&quot;infinite&quot;:&quot;yes&quot;,&quot;speed&quot;:500}\" data-widget_type=\"image-carousel.default\">\n\t\t\t\t<div class=\"elementor-widget-container\">\n\t\t\t\t\t<div class=\"elementor-image-carousel-wrapper swiper-container\" dir=\"ltr\">\n\t\t\t<div class=\"elementor-image-carousel swiper-wrapper swiper-image-stretch\" aria-live=\"off\">\n\t\t\t\t\t\t\t\t<div class=\"swiper-slide\" role=\"group\" aria-roledescription=\"slide\" aria-label=\"1 sur 25\"><a data-elementor-open-lightbox=\"yes\" data-elementor-lightbox-slideshow=\"ee6d935\" data-elementor-lightbox-title=\"L&#039;Amicale en Corse\" data-e-action-hash=\"#elementor-action%3Aaction%3Dlightbox%26settings%3DeyJpZCI6NTk0LCJ1cmwiOiJodHRwczpcL1wvYW1pY2FsZWN5Y2xvc2FpbnRtYWxvLmZyXC93cC1jb250ZW50XC91cGxvYWRzXC8yMDIwXC8wM1wvSU1HXzUwMTgtc2NhbGVkLmpwZyIsInNsaWRlc2hvdyI6ImVlNmQ5MzUifQ%3D%3D\" href=\"https:\/\/amicalecyclosaintmalo.fr\/wp-content\/uploads\/2020\/03\/IMG_5018-scaled.jpg\"><figure class=\"swiper-slide-inner\"><img decoding=\"async\" class=\"swiper-slide-image\" src=\"https:\/\/amicalecyclosaintmalo.fr\/wp-content\/uploads\/2020\/03\/IMG_5018-360x270.jpg\" alt=\"Corse 2017\" \/><\/figure><\/a><\/div><div class=\"swiper-slide\" role=\"group\" aria-roledescription=\"slide\" aria-label=\"2 sur 25\"><a data-elementor-open-lightbox=\"yes\" data-elementor-lightbox-slideshow=\"ee6d935\" data-elementor-lightbox-title=\"Amicale Cyclo 2\" data-e-action-hash=\"#elementor-action%3Aaction%3Dlightbox%26settings%3DeyJpZCI6MTQwLCJ1cmwiOiJodHRwczpcL1wvYW1pY2FsZWN5Y2xvc2FpbnRtYWxvLmZyXC93cC1jb250ZW50XC91cGxvYWRzXC8yMDIwXC8wM1wvSU1HXzQ4MjQtc2NhbGVkLmpwZyIsInNsaWRlc2hvdyI6ImVlNmQ5MzUifQ%3D%3D\" href=\"https:\/\/amicalecyclosaintmalo.fr\/wp-content\/uploads\/2020\/03\/IMG_4824-scaled.jpg\"><figure class=\"swiper-slide-inner\"><img decoding=\"async\" class=\"swiper-slide-image\" src=\"https:\/\/amicalecyclosaintmalo.fr\/wp-content\/uploads\/2020\/03\/IMG_4824-1568x1176.jpg\" alt=\"Amicale Cyclo\" \/><\/figure><\/a><\/div><div class=\"swiper-slide\" role=\"group\" aria-roledescription=\"slide\" aria-label=\"3 sur 25\"><a data-elementor-open-lightbox=\"yes\" data-elementor-lightbox-slideshow=\"ee6d935\" data-elementor-lightbox-title=\"Amicale Cyclo 3\" data-e-action-hash=\"#elementor-action%3Aaction%3Dlightbox%26settings%3DeyJpZCI6MTQxLCJ1cmwiOiJodHRwczpcL1wvYW1pY2FsZWN5Y2xvc2FpbnRtYWxvLmZyXC93cC1jb250ZW50XC91cGxvYWRzXC8yMDIwXC8wM1wvSU1HXzQ4MTctc2NhbGVkLmpwZyIsInNsaWRlc2hvdyI6ImVlNmQ5MzUifQ%3D%3D\" href=\"https:\/\/amicalecyclosaintmalo.fr\/wp-content\/uploads\/2020\/03\/IMG_4817-scaled.jpg\"><figure class=\"swiper-slide-inner\"><img decoding=\"async\" class=\"swiper-slide-image\" src=\"https:\/\/amicalecyclosaintmalo.fr\/wp-content\/uploads\/2020\/03\/IMG_4817-1568x1176.jpg\" alt=\"Amicale Cyclo\" \/><\/figure><\/a><\/div><div class=\"swiper-slide\" role=\"group\" aria-roledescription=\"slide\" aria-label=\"4 sur 25\"><a data-elementor-open-lightbox=\"yes\" data-elementor-lightbox-slideshow=\"ee6d935\" data-elementor-lightbox-title=\"Amicale Cyclo 4\" data-e-action-hash=\"#elementor-action%3Aaction%3Dlightbox%26settings%3DeyJpZCI6MTQyLCJ1cmwiOiJodHRwczpcL1wvYW1pY2FsZWN5Y2xvc2FpbnRtYWxvLmZyXC93cC1jb250ZW50XC91cGxvYWRzXC8yMDIwXC8wM1wvSU1HXzQ5MjMtc2NhbGVkLmpwZyIsInNsaWRlc2hvdyI6ImVlNmQ5MzUifQ%3D%3D\" href=\"https:\/\/amicalecyclosaintmalo.fr\/wp-content\/uploads\/2020\/03\/IMG_4923-scaled.jpg\"><figure class=\"swiper-slide-inner\"><img decoding=\"async\" class=\"swiper-slide-image\" src=\"https:\/\/amicalecyclosaintmalo.fr\/wp-content\/uploads\/2020\/03\/IMG_4923-1568x1176.jpg\" alt=\"Amicale Cyclo\" \/><\/figure><\/a><\/div><div class=\"swiper-slide\" role=\"group\" aria-roledescription=\"slide\" aria-label=\"5 sur 25\"><a data-elementor-open-lightbox=\"yes\" data-elementor-lightbox-slideshow=\"ee6d935\" data-elementor-lightbox-title=\"Amicale Cyclo 5\" data-e-action-hash=\"#elementor-action%3Aaction%3Dlightbox%26settings%3DeyJpZCI6MTQ1LCJ1cmwiOiJodHRwczpcL1wvYW1pY2FsZWN5Y2xvc2FpbnRtYWxvLmZyXC93cC1jb250ZW50XC91cGxvYWRzXC8yMDIwXC8wM1wvSU1HXzQ4NDYtc2NhbGVkLmpwZyIsInNsaWRlc2hvdyI6ImVlNmQ5MzUifQ%3D%3D\" href=\"https:\/\/amicalecyclosaintmalo.fr\/wp-content\/uploads\/2020\/03\/IMG_4846-scaled.jpg\"><figure class=\"swiper-slide-inner\"><img decoding=\"async\" class=\"swiper-slide-image\" src=\"https:\/\/amicalecyclosaintmalo.fr\/wp-content\/uploads\/2020\/03\/IMG_4846-1568x1176.jpg\" alt=\"Corse 2017\" \/><\/figure><\/a><\/div><div class=\"swiper-slide\" role=\"group\" aria-roledescription=\"slide\" aria-label=\"6 sur 25\"><a data-elementor-open-lightbox=\"yes\" data-elementor-lightbox-slideshow=\"ee6d935\" data-elementor-lightbox-title=\"Amicale Cyclo 6\" data-e-action-hash=\"#elementor-action%3Aaction%3Dlightbox%26settings%3DeyJpZCI6MTQ2LCJ1cmwiOiJodHRwczpcL1wvYW1pY2FsZWN5Y2xvc2FpbnRtYWxvLmZyXC93cC1jb250ZW50XC91cGxvYWRzXC8yMDIwXC8wM1wvSU1HXzM3MDctc2NhbGVkLmpwZyIsInNsaWRlc2hvdyI6ImVlNmQ5MzUifQ%3D%3D\" href=\"https:\/\/amicalecyclosaintmalo.fr\/wp-content\/uploads\/2020\/03\/IMG_3707-scaled.jpg\"><figure class=\"swiper-slide-inner\"><img decoding=\"async\" class=\"swiper-slide-image\" src=\"https:\/\/amicalecyclosaintmalo.fr\/wp-content\/uploads\/2020\/03\/IMG_3707-1568x1176.jpg\" alt=\"Amicale Cyclo\" \/><\/figure><\/a><\/div><div class=\"swiper-slide\" role=\"group\" aria-roledescription=\"slide\" aria-label=\"7 sur 25\"><a data-elementor-open-lightbox=\"yes\" data-elementor-lightbox-slideshow=\"ee6d935\" data-elementor-lightbox-title=\"Amicale Cyclo \u00e0 Bagnoles\" data-e-action-hash=\"#elementor-action%3Aaction%3Dlightbox%26settings%3DeyJpZCI6MTQ3LCJ1cmwiOiJodHRwczpcL1wvYW1pY2FsZWN5Y2xvc2FpbnRtYWxvLmZyXC93cC1jb250ZW50XC91cGxvYWRzXC8yMDIwXC8wM1wvSU1HXzM2NjUtc2NhbGVkLmpwZyIsInNsaWRlc2hvdyI6ImVlNmQ5MzUifQ%3D%3D\" href=\"https:\/\/amicalecyclosaintmalo.fr\/wp-content\/uploads\/2020\/03\/IMG_3665-scaled.jpg\"><figure class=\"swiper-slide-inner\"><img decoding=\"async\" class=\"swiper-slide-image\" src=\"https:\/\/amicalecyclosaintmalo.fr\/wp-content\/uploads\/2020\/03\/IMG_3665-1568x1176.jpg\" alt=\"Amicale Cyclo\" \/><\/figure><\/a><\/div><div class=\"swiper-slide\" role=\"group\" aria-roledescription=\"slide\" aria-label=\"8 sur 25\"><a data-elementor-open-lightbox=\"yes\" data-elementor-lightbox-slideshow=\"ee6d935\" data-elementor-lightbox-title=\"8\" data-e-action-hash=\"#elementor-action%3Aaction%3Dlightbox%26settings%3DeyJpZCI6NjI3LCJ1cmwiOiJodHRwczpcL1wvYW1pY2FsZWN5Y2xvc2FpbnRtYWxvLmZyXC93cC1jb250ZW50XC91cGxvYWRzXC8yMDIwXC8wM1wvOC5qcGciLCJzbGlkZXNob3ciOiJlZTZkOTM1In0%3D\" href=\"https:\/\/amicalecyclosaintmalo.fr\/wp-content\/uploads\/2020\/03\/8.jpg\"><figure class=\"swiper-slide-inner\"><img decoding=\"async\" class=\"swiper-slide-image\" src=\"https:\/\/amicalecyclosaintmalo.fr\/wp-content\/uploads\/2020\/03\/8-479x270.jpg\" alt=\"8\" \/><\/figure><\/a><\/div><div class=\"swiper-slide\" role=\"group\" aria-roledescription=\"slide\" aria-label=\"9 sur 25\"><a data-elementor-open-lightbox=\"yes\" data-elementor-lightbox-slideshow=\"ee6d935\" data-elementor-lightbox-title=\"10\" data-e-action-hash=\"#elementor-action%3Aaction%3Dlightbox%26settings%3DeyJpZCI6NjI4LCJ1cmwiOiJodHRwczpcL1wvYW1pY2FsZWN5Y2xvc2FpbnRtYWxvLmZyXC93cC1jb250ZW50XC91cGxvYWRzXC8yMDIwXC8wM1wvMTAuanBnIiwic2xpZGVzaG93IjoiZWU2ZDkzNSJ9\" href=\"https:\/\/amicalecyclosaintmalo.fr\/wp-content\/uploads\/2020\/03\/10.jpg\"><figure class=\"swiper-slide-inner\"><img decoding=\"async\" class=\"swiper-slide-image\" src=\"https:\/\/amicalecyclosaintmalo.fr\/wp-content\/uploads\/2020\/03\/10-360x270.jpg\" alt=\"10\" \/><\/figure><\/a><\/div><div class=\"swiper-slide\" role=\"group\" aria-roledescription=\"slide\" aria-label=\"10 sur 25\"><a data-elementor-open-lightbox=\"yes\" data-elementor-lightbox-slideshow=\"ee6d935\" data-elementor-lightbox-title=\"6\" data-e-action-hash=\"#elementor-action%3Aaction%3Dlightbox%26settings%3DeyJpZCI6NjI5LCJ1cmwiOiJodHRwczpcL1wvYW1pY2FsZWN5Y2xvc2FpbnRtYWxvLmZyXC93cC1jb250ZW50XC91cGxvYWRzXC8yMDIwXC8wM1wvNi5qcGciLCJzbGlkZXNob3ciOiJlZTZkOTM1In0%3D\" href=\"https:\/\/amicalecyclosaintmalo.fr\/wp-content\/uploads\/2020\/03\/6.jpg\"><figure class=\"swiper-slide-inner\"><img decoding=\"async\" class=\"swiper-slide-image\" src=\"https:\/\/amicalecyclosaintmalo.fr\/wp-content\/uploads\/2020\/03\/6-478x270.jpg\" alt=\"6\" \/><\/figure><\/a><\/div><div class=\"swiper-slide\" role=\"group\" aria-roledescription=\"slide\" aria-label=\"11 sur 25\"><a data-elementor-open-lightbox=\"yes\" data-elementor-lightbox-slideshow=\"ee6d935\" data-elementor-lightbox-title=\"1\" data-e-action-hash=\"#elementor-action%3Aaction%3Dlightbox%26settings%3DeyJpZCI6NjMwLCJ1cmwiOiJodHRwczpcL1wvYW1pY2FsZWN5Y2xvc2FpbnRtYWxvLmZyXC93cC1jb250ZW50XC91cGxvYWRzXC8yMDIwXC8wM1wvMS5qcGciLCJzbGlkZXNob3ciOiJlZTZkOTM1In0%3D\" href=\"https:\/\/amicalecyclosaintmalo.fr\/wp-content\/uploads\/2020\/03\/1.jpg\"><figure class=\"swiper-slide-inner\"><img decoding=\"async\" class=\"swiper-slide-image\" src=\"https:\/\/amicalecyclosaintmalo.fr\/wp-content\/uploads\/2020\/03\/1-479x270.jpg\" alt=\"1\" \/><\/figure><\/a><\/div><div class=\"swiper-slide\" role=\"group\" aria-roledescription=\"slide\" aria-label=\"12 sur 25\"><a data-elementor-open-lightbox=\"yes\" data-elementor-lightbox-slideshow=\"ee6d935\" data-elementor-lightbox-title=\"5\" data-e-action-hash=\"#elementor-action%3Aaction%3Dlightbox%26settings%3DeyJpZCI6NjMxLCJ1cmwiOiJodHRwczpcL1wvYW1pY2FsZWN5Y2xvc2FpbnRtYWxvLmZyXC93cC1jb250ZW50XC91cGxvYWRzXC8yMDIwXC8wM1wvNS5qcGciLCJzbGlkZXNob3ciOiJlZTZkOTM1In0%3D\" href=\"https:\/\/amicalecyclosaintmalo.fr\/wp-content\/uploads\/2020\/03\/5.jpg\"><figure class=\"swiper-slide-inner\"><img decoding=\"async\" class=\"swiper-slide-image\" src=\"https:\/\/amicalecyclosaintmalo.fr\/wp-content\/uploads\/2020\/03\/5-360x270.jpg\" alt=\"5\" \/><\/figure><\/a><\/div><div class=\"swiper-slide\" role=\"group\" aria-roledescription=\"slide\" aria-label=\"13 sur 25\"><a data-elementor-open-lightbox=\"yes\" data-elementor-lightbox-slideshow=\"ee6d935\" data-elementor-lightbox-title=\"3\" data-e-action-hash=\"#elementor-action%3Aaction%3Dlightbox%26settings%3DeyJpZCI6NjMyLCJ1cmwiOiJodHRwczpcL1wvYW1pY2FsZWN5Y2xvc2FpbnRtYWxvLmZyXC93cC1jb250ZW50XC91cGxvYWRzXC8yMDIwXC8wM1wvMy5qcGciLCJzbGlkZXNob3ciOiJlZTZkOTM1In0%3D\" href=\"https:\/\/amicalecyclosaintmalo.fr\/wp-content\/uploads\/2020\/03\/3.jpg\"><figure class=\"swiper-slide-inner\"><img decoding=\"async\" class=\"swiper-slide-image\" src=\"https:\/\/amicalecyclosaintmalo.fr\/wp-content\/uploads\/2020\/03\/3-427x270.jpg\" alt=\"3\" \/><\/figure><\/a><\/div><div class=\"swiper-slide\" role=\"group\" aria-roledescription=\"slide\" aria-label=\"14 sur 25\"><a data-elementor-open-lightbox=\"yes\" data-elementor-lightbox-slideshow=\"ee6d935\" data-e-action-hash=\"#elementor-action%3Aaction%3Dlightbox%26settings%3DeyJpZCI6NjMzLCJ1cmwiOiJodHRwczpcL1wvYW1pY2FsZWN5Y2xvc2FpbnRtYWxvLmZyXC93cC1jb250ZW50XC91cGxvYWRzXC8yMDIwXC8wM1wvMC5qcGciLCJzbGlkZXNob3ciOiJlZTZkOTM1In0%3D\" href=\"https:\/\/amicalecyclosaintmalo.fr\/wp-content\/uploads\/2020\/03\/0.jpg\"><figure class=\"swiper-slide-inner\"><img decoding=\"async\" class=\"swiper-slide-image\" src=\"https:\/\/amicalecyclosaintmalo.fr\/wp-content\/uploads\/2020\/03\/0-479x270.jpg\" alt=\"0\" \/><\/figure><\/a><\/div><div class=\"swiper-slide\" role=\"group\" aria-roledescription=\"slide\" aria-label=\"15 sur 25\"><a data-elementor-open-lightbox=\"yes\" data-elementor-lightbox-slideshow=\"ee6d935\" data-elementor-lightbox-title=\"4\" data-e-action-hash=\"#elementor-action%3Aaction%3Dlightbox%26settings%3DeyJpZCI6NjM0LCJ1cmwiOiJodHRwczpcL1wvYW1pY2FsZWN5Y2xvc2FpbnRtYWxvLmZyXC93cC1jb250ZW50XC91cGxvYWRzXC8yMDIwXC8wM1wvNC5qcGciLCJzbGlkZXNob3ciOiJlZTZkOTM1In0%3D\" href=\"https:\/\/amicalecyclosaintmalo.fr\/wp-content\/uploads\/2020\/03\/4.jpg\"><figure class=\"swiper-slide-inner\"><img decoding=\"async\" class=\"swiper-slide-image\" src=\"https:\/\/amicalecyclosaintmalo.fr\/wp-content\/uploads\/2020\/03\/4-360x270.jpg\" alt=\"4\" \/><\/figure><\/a><\/div><div class=\"swiper-slide\" role=\"group\" aria-roledescription=\"slide\" aria-label=\"16 sur 25\"><a data-elementor-open-lightbox=\"yes\" data-elementor-lightbox-slideshow=\"ee6d935\" data-elementor-lightbox-title=\"IMG_3236\" data-e-action-hash=\"#elementor-action%3Aaction%3Dlightbox%26settings%3DeyJpZCI6MTI5MSwidXJsIjoiaHR0cHM6XC9cL2FtaWNhbGVjeWNsb3NhaW50bWFsby5mclwvd3AtY29udGVudFwvdXBsb2Fkc1wvMjAyMFwvMDdcL0lNR18zMjM2LXNjYWxlZC5qcGciLCJzbGlkZXNob3ciOiJlZTZkOTM1In0%3D\" href=\"https:\/\/amicalecyclosaintmalo.fr\/wp-content\/uploads\/2020\/07\/IMG_3236-scaled.jpg\"><figure class=\"swiper-slide-inner\"><img decoding=\"async\" class=\"swiper-slide-image\" src=\"https:\/\/amicalecyclosaintmalo.fr\/wp-content\/uploads\/2020\/07\/IMG_3236-405x270.jpg\" alt=\"sortie St Aubin d&#039;Aubign\u00e9\" \/><\/figure><\/a><\/div><div class=\"swiper-slide\" role=\"group\" aria-roledescription=\"slide\" aria-label=\"17 sur 25\"><a data-elementor-open-lightbox=\"yes\" data-elementor-lightbox-slideshow=\"ee6d935\" data-elementor-lightbox-title=\"IMG_3266\" data-e-action-hash=\"#elementor-action%3Aaction%3Dlightbox%26settings%3DeyJpZCI6MTI5MiwidXJsIjoiaHR0cHM6XC9cL2FtaWNhbGVjeWNsb3NhaW50bWFsby5mclwvd3AtY29udGVudFwvdXBsb2Fkc1wvMjAyMFwvMDdcL0lNR18zMjY2LXNjYWxlZC5qcGciLCJzbGlkZXNob3ciOiJlZTZkOTM1In0%3D\" href=\"https:\/\/amicalecyclosaintmalo.fr\/wp-content\/uploads\/2020\/07\/IMG_3266-scaled.jpg\"><figure class=\"swiper-slide-inner\"><img decoding=\"async\" class=\"swiper-slide-image\" src=\"https:\/\/amicalecyclosaintmalo.fr\/wp-content\/uploads\/2020\/07\/IMG_3266-405x270.jpg\" alt=\"St Aubin d&#039;Aubign\u00e9 07.2020\" \/><\/figure><\/a><\/div><div class=\"swiper-slide\" role=\"group\" aria-roledescription=\"slide\" aria-label=\"18 sur 25\"><a data-elementor-open-lightbox=\"yes\" data-elementor-lightbox-slideshow=\"ee6d935\" data-elementor-lightbox-title=\"IMG_3243\" data-e-action-hash=\"#elementor-action%3Aaction%3Dlightbox%26settings%3DeyJpZCI6MTI5MywidXJsIjoiaHR0cHM6XC9cL2FtaWNhbGVjeWNsb3NhaW50bWFsby5mclwvd3AtY29udGVudFwvdXBsb2Fkc1wvMjAyMFwvMDdcL0lNR18zMjQzLXNjYWxlZC5qcGciLCJzbGlkZXNob3ciOiJlZTZkOTM1In0%3D\" href=\"https:\/\/amicalecyclosaintmalo.fr\/wp-content\/uploads\/2020\/07\/IMG_3243-scaled.jpg\"><figure class=\"swiper-slide-inner\"><img decoding=\"async\" class=\"swiper-slide-image\" src=\"https:\/\/amicalecyclosaintmalo.fr\/wp-content\/uploads\/2020\/07\/IMG_3243-405x270.jpg\" alt=\"St Aubin d&#039;Aubign\u00e9, juillet 2020\" \/><\/figure><\/a><\/div><div class=\"swiper-slide\" role=\"group\" aria-roledescription=\"slide\" aria-label=\"19 sur 25\"><a data-elementor-open-lightbox=\"yes\" data-elementor-lightbox-slideshow=\"ee6d935\" data-elementor-lightbox-title=\"BBQ 24.07.2000\" data-e-action-hash=\"#elementor-action%3Aaction%3Dlightbox%26settings%3DeyJpZCI6MTM1NywidXJsIjoiaHR0cHM6XC9cL2FtaWNhbGVjeWNsb3NhaW50bWFsby5mclwvd3AtY29udGVudFwvdXBsb2Fkc1wvMjAyMFwvMDdcL0JCUS0yNC4wNy4yMDAwLXNjYWxlZC5qcGciLCJzbGlkZXNob3ciOiJlZTZkOTM1In0%3D\" href=\"https:\/\/amicalecyclosaintmalo.fr\/wp-content\/uploads\/2020\/07\/BBQ-24.07.2000-scaled.jpg\"><figure class=\"swiper-slide-inner\"><img decoding=\"async\" class=\"swiper-slide-image\" src=\"https:\/\/amicalecyclosaintmalo.fr\/wp-content\/uploads\/2020\/07\/BBQ-24.07.2000-405x270.jpg\" alt=\"BBQ 24.07.2000\" \/><\/figure><\/a><\/div><div class=\"swiper-slide\" role=\"group\" aria-roledescription=\"slide\" aria-label=\"20 sur 25\"><a data-elementor-open-lightbox=\"yes\" data-elementor-lightbox-slideshow=\"ee6d935\" data-elementor-lightbox-title=\"f14e4fd8-1bad-4e8b-bbc4-33091cb5b5b4\" data-e-action-hash=\"#elementor-action%3Aaction%3Dlightbox%26settings%3DeyJpZCI6MTUxOCwidXJsIjoiaHR0cHM6XC9cL2FtaWNhbGVjeWNsb3NhaW50bWFsby5mclwvd3AtY29udGVudFwvdXBsb2Fkc1wvMjAyMVwvMDhcL2YxNGU0ZmQ4LTFiYWQtNGU4Yi1iYmM0LTMzMDkxY2I1YjViNC5qcGciLCJzbGlkZXNob3ciOiJlZTZkOTM1In0%3D\" href=\"https:\/\/amicalecyclosaintmalo.fr\/wp-content\/uploads\/2021\/08\/f14e4fd8-1bad-4e8b-bbc4-33091cb5b5b4.jpg\"><figure class=\"swiper-slide-inner\"><img decoding=\"async\" class=\"swiper-slide-image\" src=\"https:\/\/amicalecyclosaintmalo.fr\/wp-content\/uploads\/2021\/08\/f14e4fd8-1bad-4e8b-bbc4-33091cb5b5b4-360x270.jpg\" alt=\"f14e4fd8-1bad-4e8b-bbc4-33091cb5b5b4\" \/><\/figure><\/a><\/div><div class=\"swiper-slide\" role=\"group\" aria-roledescription=\"slide\" aria-label=\"21 sur 25\"><a data-elementor-open-lightbox=\"yes\" data-elementor-lightbox-slideshow=\"ee6d935\" data-elementor-lightbox-title=\"23ee03bb-7faa-4bba-a3ed-ff8bdbb70536\" data-e-action-hash=\"#elementor-action%3Aaction%3Dlightbox%26settings%3DeyJpZCI6MTUyOSwidXJsIjoiaHR0cHM6XC9cL2FtaWNhbGVjeWNsb3NhaW50bWFsby5mclwvd3AtY29udGVudFwvdXBsb2Fkc1wvMjAyMVwvMDhcLzIzZWUwM2JiLTdmYWEtNGJiYS1hM2VkLWZmOGJkYmI3MDUzNi5qcGciLCJzbGlkZXNob3ciOiJlZTZkOTM1In0%3D\" href=\"https:\/\/amicalecyclosaintmalo.fr\/wp-content\/uploads\/2021\/08\/23ee03bb-7faa-4bba-a3ed-ff8bdbb70536.jpg\"><figure class=\"swiper-slide-inner\"><img decoding=\"async\" class=\"swiper-slide-image\" src=\"https:\/\/amicalecyclosaintmalo.fr\/wp-content\/uploads\/2021\/08\/23ee03bb-7faa-4bba-a3ed-ff8bdbb70536-360x270.jpg\" alt=\"23ee03bb-7faa-4bba-a3ed-ff8bdbb70536\" \/><\/figure><\/a><\/div><div class=\"swiper-slide\" role=\"group\" aria-roledescription=\"slide\" aria-label=\"22 sur 25\"><a data-elementor-open-lightbox=\"yes\" data-elementor-lightbox-slideshow=\"ee6d935\" data-elementor-lightbox-title=\"98fd86c5-bb5b-47f7-993b-93984dac3766\" data-e-action-hash=\"#elementor-action%3Aaction%3Dlightbox%26settings%3DeyJpZCI6MTUzMiwidXJsIjoiaHR0cHM6XC9cL2FtaWNhbGVjeWNsb3NhaW50bWFsby5mclwvd3AtY29udGVudFwvdXBsb2Fkc1wvMjAyMVwvMDhcLzk4ZmQ4NmM1LWJiNWItNDdmNy05OTNiLTkzOTg0ZGFjMzc2Ni5qcGciLCJzbGlkZXNob3ciOiJlZTZkOTM1In0%3D\" href=\"https:\/\/amicalecyclosaintmalo.fr\/wp-content\/uploads\/2021\/08\/98fd86c5-bb5b-47f7-993b-93984dac3766.jpg\"><figure class=\"swiper-slide-inner\"><img decoding=\"async\" class=\"swiper-slide-image\" src=\"https:\/\/amicalecyclosaintmalo.fr\/wp-content\/uploads\/2021\/08\/98fd86c5-bb5b-47f7-993b-93984dac3766-360x270.jpg\" alt=\"98fd86c5-bb5b-47f7-993b-93984dac3766\" \/><\/figure><\/a><\/div><div class=\"swiper-slide\" role=\"group\" aria-roledescription=\"slide\" aria-label=\"23 sur 25\"><a data-elementor-open-lightbox=\"yes\" data-elementor-lightbox-slideshow=\"ee6d935\" data-elementor-lightbox-title=\"865ee15b-6918-48b5-ad27-9d05067cff9a\" data-e-action-hash=\"#elementor-action%3Aaction%3Dlightbox%26settings%3DeyJpZCI6MTUzMywidXJsIjoiaHR0cHM6XC9cL2FtaWNhbGVjeWNsb3NhaW50bWFsby5mclwvd3AtY29udGVudFwvdXBsb2Fkc1wvMjAyMVwvMDhcLzg2NWVlMTViLTY5MTgtNDhiNS1hZDI3LTlkMDUwNjdjZmY5YS5qcGciLCJzbGlkZXNob3ciOiJlZTZkOTM1In0%3D\" href=\"https:\/\/amicalecyclosaintmalo.fr\/wp-content\/uploads\/2021\/08\/865ee15b-6918-48b5-ad27-9d05067cff9a.jpg\"><figure class=\"swiper-slide-inner\"><img decoding=\"async\" class=\"swiper-slide-image\" src=\"https:\/\/amicalecyclosaintmalo.fr\/wp-content\/uploads\/2021\/08\/865ee15b-6918-48b5-ad27-9d05067cff9a-360x270.jpg\" alt=\"865ee15b-6918-48b5-ad27-9d05067cff9a\" \/><\/figure><\/a><\/div><div class=\"swiper-slide\" role=\"group\" aria-roledescription=\"slide\" aria-label=\"24 sur 25\"><a data-elementor-open-lightbox=\"yes\" data-elementor-lightbox-slideshow=\"ee6d935\" data-elementor-lightbox-title=\"8b1d60a0-9a25-462e-8033-e8307de5a692\" data-e-action-hash=\"#elementor-action%3Aaction%3Dlightbox%26settings%3DeyJpZCI6MTU0NiwidXJsIjoiaHR0cHM6XC9cL2FtaWNhbGVjeWNsb3NhaW50bWFsby5mclwvd3AtY29udGVudFwvdXBsb2Fkc1wvMjAyMVwvMDhcLzhiMWQ2MGEwLTlhMjUtNDYyZS04MDMzLWU4MzA3ZGU1YTY5Mi5qcGciLCJzbGlkZXNob3ciOiJlZTZkOTM1In0%3D\" href=\"https:\/\/amicalecyclosaintmalo.fr\/wp-content\/uploads\/2021\/08\/8b1d60a0-9a25-462e-8033-e8307de5a692.jpg\"><figure class=\"swiper-slide-inner\"><img decoding=\"async\" class=\"swiper-slide-image\" src=\"https:\/\/amicalecyclosaintmalo.fr\/wp-content\/uploads\/2021\/08\/8b1d60a0-9a25-462e-8033-e8307de5a692-360x270.jpg\" alt=\"8b1d60a0-9a25-462e-8033-e8307de5a692\" \/><\/figure><\/a><\/div><div class=\"swiper-slide\" role=\"group\" aria-roledescription=\"slide\" aria-label=\"25 sur 25\"><a data-elementor-open-lightbox=\"yes\" data-elementor-lightbox-slideshow=\"ee6d935\" data-elementor-lightbox-title=\"ae72a72e-96c9-4cb9-be08-18ab461e520e\" data-e-action-hash=\"#elementor-action%3Aaction%3Dlightbox%26settings%3DeyJpZCI6MTU1MywidXJsIjoiaHR0cHM6XC9cL2FtaWNhbGVjeWNsb3NhaW50bWFsby5mclwvd3AtY29udGVudFwvdXBsb2Fkc1wvMjAyMVwvMDhcL2FlNzJhNzJlLTk2YzktNGNiOS1iZTA4LTE4YWI0NjFlNTIwZS5qcGciLCJzbGlkZXNob3ciOiJlZTZkOTM1In0%3D\" href=\"https:\/\/amicalecyclosaintmalo.fr\/wp-content\/uploads\/2021\/08\/ae72a72e-96c9-4cb9-be08-18ab461e520e.jpg\"><figure class=\"swiper-slide-inner\"><img decoding=\"async\" class=\"swiper-slide-image\" src=\"https:\/\/amicalecyclosaintmalo.fr\/wp-content\/uploads\/2021\/08\/ae72a72e-96c9-4cb9-be08-18ab461e520e-203x270.jpg\" alt=\"ae72a72e-96c9-4cb9-be08-18ab461e520e\" \/><\/figure><\/a><\/div>\t\t\t<\/div>\n\t\t\t\t\t\t\t\t\t\t\t\t<div class=\"elementor-swiper-button elementor-swiper-button-prev\" role=\"button\" tabindex=\"0\">\n\t\t\t\t\t\t<i aria-hidden=\"true\" class=\"eicon-chevron-left\"><\/i>\t\t\t\t\t<\/div>\n\t\t\t\t\t<div class=\"elementor-swiper-button elementor-swiper-button-next\" role=\"button\" tabindex=\"0\">\n\t\t\t\t\t\t<i aria-hidden=\"true\" class=\"eicon-chevron-right\"><\/i>\t\t\t\t\t<\/div>\n\t\t\t\t\n\t\t\t\t\t\t\t\t\t<div class=\"swiper-pagination\"><\/div>\n\t\t\t\t\t\t\t\t\t<\/div>\n\t\t\t\t<\/div>\n\t\t\t\t<\/div>\n\t\t\t\t\t<\/div>\n\t\t<\/div>\n\t\t\t\t\t\t\t<\/div>\n\t\t<\/section>\n\t\t\t\t\t\t\t<\/div>\n\t\t","protected":false},"excerpt":{"rendered":"<p>Bienvenue sur le site de l&#8217;Amicale Cyclotouriste de Saint-Malo\u00a0 &#8220;La m\u00eame passion du v\u00e9lo,le plaisir de rouler ensemble &#8220; Pr\u00e9c\u00e9dent Suivant<\/p>\n","protected":false},"author":1,"featured_media":0,"parent":0,"menu_order":0,"comment_status":"closed","ping_status":"open","template":"","meta":{"_bbp_topic_count":0,"_bbp_reply_count":0,"_bbp_total_topic_count":0,"_bbp_total_reply_count":0,"_bbp_voice_count":0,"_bbp_anonymous_reply_count":0,"_bbp_topic_count_hidden":0,"_bbp_reply_count_hidden":0,"_bbp_forum_subforum_count":0,"footnotes":""},"class_list":["post-2","page","type-page","status-publish","hentry"],"_links":{"self":[{"href":"https:\/\/amicalecyclosaintmalo.fr\/index.php\/wp-json\/wp\/v2\/pages\/2","targetHints":{"allow":["GET"]}}],"collection":[{"href":"https:\/\/amicalecyclosaintmalo.fr\/index.php\/wp-json\/wp\/v2\/pages"}],"about":[{"href":"https:\/\/amicalecyclosaintmalo.fr\/index.php\/wp-json\/wp\/v2\/types\/page"}],"author":[{"embeddable":true,"href":"https:\/\/amicalecyclosaintmalo.fr\/index.php\/wp-json\/wp\/v2\/users\/1"}],"replies":[{"embeddable":true,"href":"https:\/\/amicalecyclosaintmalo.fr\/index.php\/wp-json\/wp\/v2\/comments?post=2"}],"version-history":[{"count":127,"href":"https:\/\/amicalecyclosaintmalo.fr\/index.php\/wp-json\/wp\/v2\/pages\/2\/revisions"}],"predecessor-version":[{"id":1822,"href":"https:\/\/amicalecyclosaintmalo.fr\/index.php\/wp-json\/wp\/v2\/pages\/2\/revisions\/1822"}],"wp:attachment":[{"href":"https:\/\/amicalecyclosaintmalo.fr\/index.php\/wp-json\/wp\/v2\/media?parent=2"}],"curies":[{"name":"wp","href":"https:\/\/api.w.org\/{rel}","templated":true}]}}