{"id":1059,"date":"2020-05-06T15:59:50","date_gmt":"2020-05-06T13:59:50","guid":{"rendered":"https:\/\/amicalecyclosaintmalo.fr\/?page_id=1059"},"modified":"2020-07-18T20:01:45","modified_gmt":"2020-07-18T18:01:45","slug":"informations-du-president","status":"publish","type":"page","link":"https:\/\/amicalecyclosaintmalo.fr\/index.php\/informations-du-president\/","title":{"rendered":"Informations du Pr\u00e9sident aux adh\u00e9rents"},"content":{"rendered":"<p>Ce contenu est accessible uniquement \u00e0 nos adh\u00e9rents connect\u00e9s<\/p>","protected":false},"excerpt":{"rendered":"","protected":false},"author":2,"featured_media":0,"parent":0,"menu_order":0,"comment_status":"open","ping_status":"closed","template":"","meta":{"_bbp_topic_count":0,"_bbp_reply_count":0,"_bbp_total_topic_count":0,"_bbp_total_reply_count":0,"_bbp_voice_count":0,"_bbp_anonymous_reply_count":0,"_bbp_topic_count_hidden":0,"_bbp_reply_count_hidden":0,"_bbp_forum_subforum_count":0,"footnotes":""},"class_list":["post-1059","page","type-page","status-publish","hentry"],"_links":{"self":[{"href":"https:\/\/amicalecyclosaintmalo.fr\/index.php\/wp-json\/wp\/v2\/pages\/1059","targetHints":{"allow":["GET"]}}],"collection":[{"href":"https:\/\/amicalecyclosaintmalo.fr\/index.php\/wp-json\/wp\/v2\/pages"}],"about":[{"href":"https:\/\/amicalecyclosaintmalo.fr\/index.php\/wp-json\/wp\/v2\/types\/page"}],"author":[{"embeddable":true,"href":"https:\/\/amicalecyclosaintmalo.fr\/index.php\/wp-json\/wp\/v2\/users\/2"}],"replies":[{"embeddable":true,"href":"https:\/\/amicalecyclosaintmalo.fr\/index.php\/wp-json\/wp\/v2\/comments?post=1059"}],"version-history":[{"count":5,"href":"https:\/\/amicalecyclosaintmalo.fr\/index.php\/wp-json\/wp\/v2\/pages\/1059\/revisions"}],"predecessor-version":[{"id":1341,"href":"https:\/\/amicalecyclosaintmalo.fr\/index.php\/wp-json\/wp\/v2\/pages\/1059\/revisions\/1341"}],"wp:attachment":[{"href":"https:\/\/amicalecyclosaintmalo.fr\/index.php\/wp-json\/wp\/v2\/media?parent=1059"}],"curies":[{"name":"wp","href":"https:\/\/api.w.org\/{rel}","templated":true}]}}